36/4 - 360/(-16)*10. Calculate the highest common divisor of 338 and p.
26
Let q be 4/6 + (-121952)/(-96). Let j = q + -879. Calculate the greatest common factor of 8 and j.
8
Suppose -c = 5*t + 1445, 4*t - c = 4*c - 1185. Let i = -446 - t. Let k be 5*i/(-210) - 2/(-7). Calculate the greatest common factor of k and 52.
4
Let d(i) = -2*i**3 - 8*i**2 + 7*i - 33. Let o be d(-8). Let t = o - -273. What is the greatest common factor of t and 24?
24
Let u be ((-1)/((-7)/(-10566)))/(361/14 - 26). Calculate the greatest common factor of 12 and u.
12
Let b be 7/(1 + 100/(-105)). Suppose 0 = 5*k - 2*s + 626, -4*k - 145 = 4*s + 367. Let m be (-4)/(-6)*k/(-4). Calculate the highest common factor of b and m.
21
Suppose -14839 = -21*c - 50*c. What is the highest common factor of c and 152?
19
Let j = -928 + 1285. What is the greatest common factor of 294 and j?
21
Let l(g) = 73*g + 1238. Let q be l(-15). What is the highest common factor of q and 88?
11
Suppose 0 = y - f, y + 0 = 5*f - 4. Suppose -s - 38 = -3*c, -60 = -4*c + 4*s - 12. Calculate the greatest common factor of c and y.
1
Suppose -11*k + 361 = -156. Suppose -2*f + 65 = 5*s - 17, -3*s + f + k = 0. Calculate the highest common divisor of 20 and s.
4
Suppose 4*q + 4 = 0, 0 = 44*z - 39*z - 5*q - 17455. Calculate the highest common factor of 10 and z.
10
Let z(v) = -v**3 - 5*v**2 - 15*v - 52. Let s be z(-5). Suppose 8*b = s*b - 285. What is the highest common divisor of b and 703?
19
Suppose -34*w - 5310 = -79*w + 39*w. What is the highest common divisor of w and 15?
15
Suppose p + 3021 = 2*x, 332*x - 333*x + 1509 = -p. Calculate the highest common divisor of 3672 and x.
216
Let k = 250 - 186. Suppose k = 5*p + 14. What is the greatest common divisor of 80 and p?
10
Suppose 0 = -2*g - 34 + 40. Let n be 187/g + 10/15. What is the greatest common factor of n and 7?
7
Suppose -36*f + 3420 = -31*f + 5*a, -3*f + 2052 = 4*a. Calculate the highest common factor of 3040 and f.
76
Suppose 4*h = 16*h - 60. Let v be (-714)/(-10) + (24/h)/8. Let o = v + -50. Calculate the highest common factor of o and 22.
22
Let u be (52 - 6)*-1*(-1)/(-2). Let x(i) = -i**3 - 23*i**2 - 15*i + 33. Let o be x(u). What is the highest common factor of o and 42?
42
Suppose 0*c - c + 16 = 0. Suppose -509*p = -2*s - 508*p + 285, 438 = 3*s + 2*p. What is the greatest common divisor of c and s?
16
Let u(v) = v**2 + 30*v. Let t be u(-30). Suppose t = 3*r - 5*k - 196, 11*r - 12*r + 2*k = -67. Calculate the highest common divisor of 95 and r.
19
Let b = 58 - 51. Suppose -12*i = -b*i - 180. What is the highest common factor of 132 and i?
12
Let f = -6 + 13. Let y(t) = 145*t**2 + 2*t + 133. Let j be y(0). Calculate the greatest common divisor of f and j.
7
Let z(j) = 5*j**3 + 154*j**2 - 34*j + 72. Let t be z(-31). What is the highest common factor of 957 and t?
33
Let t(d) = 143*d - 517. Let z be t(4). Calculate the greatest common divisor of z and 9185.
55
Let m(o) = -o - 17. Let n(s) = -3. Let u(v) = -m(v) - 4*n(v). Let z be u(10). What is the highest common factor of 52 and z?
13
Let g = -786 - -807. Suppose -13376 = -g*k - k. What is the highest common divisor of k and 228?
76
Let b be (-8*1 - 3) + 60386/277. Calculate the highest common divisor of b and 92.
23
Suppose -240 = 20*o - 26*o. Suppose 2*b + 20 - o = 0. Let a be -4 + 20 + 5/(b/4). What is the highest common factor of 54 and a?
18
Suppose 6*v + 4*k = 3*v + 1058, -3*v = 3*k - 1053. Let o = v + -321. What is the highest common factor of 175 and o?
25
Let q(c) = c**2 + 29*c + 96. Suppose 265 = -2*n + 177. Let i be q(n). What is the greatest common factor of 84 and i?
84
Let g(i) = i**2 + 15*i + 12. Let v be g(-14). Let c be 15 - (v - -4 - 2). Let l be 6/(-9)*-8*c. Calculate the greatest common divisor of l and 16.
16
Let c be -7*(-1 + (2 - 2)). Let o(n) = n**3 - 8*n**2 - 295*n - 265. Let q be o(22). Calculate the greatest common divisor of q and c.
7
Let m = -4 + 199. Suppose 0 = 10*k - 11*k + m. Suppose -3*p = b + p - 65, -3*b = 3*p - k. Calculate the greatest common divisor of b and 26.
13
Let a(r) = 77*r + 34. Let f be a(-6). Let v = f + 467. What is the greatest common factor of 1014 and v?
39
Let z be 10/((2 - -4)*9/27). Suppose -238 = -z*f + h - 7, -4*h = 4*f - 180. What is the highest common divisor of 230 and f?
46
Suppose -3*h - 3*c + 0*c = -6, 2*h + c - 8 = 0. Suppose -3*a = 2*a, -p = 2*a - 61. Let v be p/7 - (27/(-21) - -1). What is the highest common factor of h and v?
3
Suppose 0*w + 3*w - 27 = 0. Suppose -3*h - w = -471. Suppose 241 = 199*r + 461 - 3006. Calculate the greatest common divisor of r and h.
14
Let p = 24738 - 24734. What is the greatest common factor of p and 764?
4
Let l = -9352 + 9358. Calculate the highest common divisor of 7026 and l.
6
Let r(a) = a + 3. Let z = -31 + 31. Let k be r(z). Suppose -38 - 19 = -k*j. Calculate the greatest common divisor of j and 19.
19
Let u = 943 + -905. What is the greatest common factor of 2261 and u?
19
Let q(t) = 28*t - 585. Let p be q(21). Calculate the highest common factor of p and 375.
3
Let f = -189 - -222. Suppose 0 = 3*d + 39. Let j(o) = -o**3 - 13*o**2 - 2*o - 15. Let p be j(d). Calculate the greatest common divisor of p and f.
11
Suppose 0 = -5*v + 122 + 108. Let z be (-456)/(-78) - 6/(-39). Let b = 17 + z. Calculate the highest common divisor of b and v.
23
Let u(y) = 65*y + 2. Let w = 71 - 70. Let f be u(w). Let g = -59 + f. Calculate the greatest common factor of g and 28.
4
Let h be (-3290)/(-15) + (-6)/(-9). Suppose -72*t + 60*t + 240 = 0. What is the greatest common factor of t and h?
20
Suppose 21 = -3*i + 3*r, 2*i + 3*i + 25 = -5*r. Let b be (63/i)/(27/(-36)). Calculate the highest common factor of b and 4.
2
Let z = 5386 - 4443. What is the highest common factor of 23 and z?
23
Let a = 967 + -954. Let q = 16 + -16. Suppose -u + 2*u - 13 = q. What is the highest common divisor of u and a?
13
Suppose -p - 2*m = -146, 2*p + m - 28 = 273. Let a be (-334)/(-14) - (-1 - (-54)/63). What is the highest common divisor of a and p?
8
Let u be 36*5 - 1206/(-67). Calculate the greatest common factor of 2673 and u.
99
Suppose 44*a - 272725 - 126583 = -8*a. Calculate the highest common factor of a and 7.
7
Suppose 7619 = 2*w - 3383. Suppose -2*y = -2*n + 1916, 0 = 5*n - 3*y - w + 707. Suppose -26*i = -20*i - n. What is the highest common factor of 40 and i?
40
Let r = 13 + -17. Let w be 254/4 + 4/32*r. Let o be (-57)/(-6) + 1/(-2). What is the highest common factor of w and o?
9
Suppose -4*c = 60 - 80, -2*t + 75 = 3*c. What is the highest common divisor of t and 100?
10
Suppose v - 4*s = -s - 11, 0 = -4*v - 5*s - 10. Let a be v/(60/27)*-1*24. Let y = a + -40. What is the highest common factor of y and 56?
14
Suppose 67*o - 12861 - 7105 = 0. What is the highest common factor of o and 6?
2
Let y = -5895 - -7491. Calculate the greatest common divisor of y and 546.
42
Suppose -x = 3*n - 413, -2*n - 4*x + 564 = 2*n. What is the greatest common divisor of n and 17?
17
Let n be ((-1380)/80)/((-4)/16). What is the greatest common factor of 2967 and n?
69
Let d = -4536 + 4558. What is the greatest common factor of 4279 and d?
11
Suppose 19*x - 20*x = -195. Let d(i) = 5*i**2 - i - 3. Let u be d(3). Calculate the highest common factor of u and x.
39
Let f(h) = 15*h**2 + 9*h - 13. Let u be 0 - (-6 + 2 + -1). Let l be f(u). Calculate the highest common factor of l and 37.
37
Let n = -10 - -46. Suppose 0 = -27*o + n*o - 342. Calculate the highest common factor of o and 57.
19
Suppose -49 = -3*q + 2*n, -3*n + 7*n + 23 = q. Suppose -q*l + 837 = -11*l + o, -1030 = -5*l + 2*o. What is the highest common divisor of 26 and l?
26
Let p(j) = -j**3 + 7*j**2 - 28*j + 130. Let k be p(4). Calculate the highest common divisor of k and 132.
66
Suppose 1672 - 22 = 5*w. Let x(c) = c - 2 + 34 + 39 + c + 15. Let r be x(-28). Calculate the greatest common factor of w and r.
30
Suppose 33*i - 65*i = -37*i + 850. What is the greatest common factor of 306 and i?
34
Let s = 1357 - 1345. What is the greatest common divisor of s and 159?
3
Suppose -36*w + 63*w - 216 = 0. What is the greatest common factor of w and 12?
4
Suppose 170035 = 22*l - 71034 - 85411. Calculate the greatest common divisor of l and 16.
8
Suppose -5*k - 38 + 58 = 0. Let n be 